et w(k) = -k**3 - 15*k**2 + 661*k - 282. What is w(19)?
3
Let y(c) = 13*c**3 - 8*c**2 + 14*c - 33. Calculate y(4).
727
Let b(t) = t**3 + 153*t**2 - 47*t - 6829. Give b(-153).
362
Let h(k) = 1391*k**2 + 16635*k - 692. What is h(-12)?
-8
Let g(s) = -382254*s + 1146769. Calculate g(3).
7
Let f(c) = -c**3 - 292*c**2 - 2538*c + 2508. Determine f(-283).
-39
Let y(m) = -19522*m + 332014. Calculate y(17).
140
Let n(q) = q**3 + 200*q**2 - 324*q + 15791. Determine n(-202).
-369
Let f(v) = -v**3 + 19*v**2 - 51*v - 58. What is f(15)?
77
Let d(j) = -j**2 + 2188*j + 55212. Give d(-25).
-113
Let w(n) = 37*n**2 + 262*n + 67. Calculate w(-7).
46
Let j(w) = 20*w**2 + 259*w - 485. Give j(-9).
-1196
Let w(y) = -y**2 - 334*y + 9876. Give w(27).
129
Let a(t) = -2*t**3 - 19*t**2 + 196*t - 4. What is a(6)?
56
Let p(b) = -4635*b - 28296. What is p(-7)?
4149
Let k(n) = 166*n**2 + 47974*n + 3. Give k(-289).
3
Let n(m) = m**2 - 547*m + 30502. Give n(484).
10
Let p(m) = 12*m**3 - m**2 - 65*m - 64. What is p(-1)?
-12
Let n(g) = 8084*g - 315297. Calculate n(39).
-21
Let d(j) = 13*j**2 - 13101*j + 129696. Give d(10).
-14
Let b(q) = -27*q + 225. What is b(8)?
9
Let r(h) = -h**2 - 19*h + 3968. Calculate r(-74).
-102
Let i(n) = -n**3 + 217*n**2 + 9988*n - 1082. Calculate i(256).
-58
Let j(n) = -34855*n**2 - 557681*n - 17. What is j(-16)?
-1
Let m(t) = -3*t - 365. What is m(-254)?
397
Let b(g) = 1216*g + 71113. Calculate b(-55).
4233
Let t(v) = 33*v**2 + 94*v + 336. What is t(-4)?
488
Let q(w) = 3*w**2 - 322*w + 738. Calculate q(104).
-302
Let z(s) = -s**3 + 235*s**2 + 4548*s + 1482. Give z(253).
-36
Let c(x) = -7571*x + 302831. What is c(40)?
-9
Let a(r) = -838*r - 10140. Give a(-12).
-84
Let v(b) = -b**2 - 1037*b + 15778. Determine v(15).
-2
Let t(d) = -10*d**2 - 3145*d + 24147. Give t(-322).
-3
Let j(a) = -a**3 - 152*a**2 - 291*a + 1649. What is j(-150)?
299
Let h(c) = 10552*c - 179395. Calculate h(17).
-11
Let i(q) = -5*q**2 - 9065*q - 284940. What is i(-32)?
20
Let p(r) = -4*r**3 + 623*r**2 + 156*r - 498. Determine p(156).
-498
Let q(u) = -3*u**2 - 92808*u - 556751. Give q(-6).
-11
Let s(m) = 12*m**2 + 1196*m + 5688. What is s(-5)?
8
Let a(d) = -58*d**3 + 10*d**2 + 63*d + 53. What is a(-1)?
58
Let n(b) = -3*b**3 + 4*b**2 + 36*b - 128. What is n(-8)?
1376
Let u(h) = 34*h**2 + 751*h + 81. Calculate u(-22).
15
Let t(v) = -17684*v - 336241. Give t(-19).
-245
Let v(c) = c**3 + 15*c**2 + 16*c - 274. Calculate v(-12).
-34
Let x(w) = -3*w**3 - 66*w**2 + 602*w + 13251. Determine x(-22).
7
Let z(s) = 3981*s + 816121. Calculate z(-205).
16
Let f(h) = -121*h**2 + 19475*h + 1025. Give f(161).
59
Let p(o) = -1191*o + 3039. Give p(3).
-534
Let c(i) = -i**3 - 79*i**2 - 1107*i - 6354. What is c(-63)?
-117
Let j(h) = -h**3 + 102*h**2 + 103*h - 411. Calculate j(103).
-411
Let z(w) = -3406*w**2 + 112398*w + 9. Determine z(33).
9
Let h(s) = -2*s**2 + 172*s - 2277. What is h(83)?
-1779
Let t(r) = 3*r**2 - 919*r + 12219. Calculate t(14).
-59
Let u(v) = 14*v**3 + 670*v**2 + 573*v + 396. Determine u(-47).
-27
Let r(q) = 241966*q + 1209834. What is r(-5)?
4
Let l(t) = 4*t**2 + 828*t - 38367. Determine l(-246).
9
Let b(s) = 4386*s - 27871. What is b(7)?
2831
Let p(z) = -4*z**2 - 192*z - 2075. Determine p(-31).
33
Let w(g) = 113*g**2 + 139*g + 262. Give w(-2).
436
Let j(p) = -136*p**3 + 2992*p**2 - 36*p + 806. Determine j(22).
14
Let p(m) = -311*m**2 + 403*m - 793. Determine p(2).
-1231
Let k(y) = -y**2 + 51542*y - 309241. Give k(6).
-25
Let n(j) = j**3 + 5*j**2 - 124*j + 212. Give n(10).
472
Let x(o) = o**3 + 303*o**2 + 19608*o - 3580. What is x(-94)?
-8
Let m(k) = 2*k**2 + 423*k + 21641. What is m(-125)?
16
Let p(x) = 48*x**2 + 14597*x + 1185. Give p(-304).
-335
Let t(b) = -50*b**2 - 534*b - 375. Calculate t(-12).
-1167
Let x(g) = 1091*g**2 + 156008*g - 714. What is x(-143)?
1
Let t(h) = -6*h**2 + 279*h - 1997. Calculate t(9).
28
Let z(d) = -d**3 + 5451*d**2 + 197535*d + 84. Determine z(-36).
-24
Let s(d) = 25646*d - 48938. Determine s(2).
2354
Let a(o) = -81*o**2 + 426*o + 59. Give a(9).
-2668
Let i(x) = -146*x**3 + 2522*x**2 - 672*x - 174. What is i(17)?
-38
Let s(t) = -9*t**3 - 8*t**2 - 25*t + 17. What is s(-3)?
263
Let d(c) = 27*c - 8249. Calculate d(304).
-41
Let j(k) = 456*k - 47220. Determine j(103).
-252
Let w(r) = 4429*r + 101504. What is w(-23)?
-363
Let q(g) = -g**3 - 82*g**2 + 1318*g - 2501. Give q(-96).
-5
Let z(g) = -11*g**2 - 851*g - 5075. What is z(-71)?
-105
Let r(o) = 8*o**2 + 1203*o + 661. Calculate r(-152).
2637
Let v(s) = 2*s**2 + 132294*s + 925960. Give v(-7).
0
Let z(j) = 22*j**3 + 1758*j**2 - 167*j - 360. Determine z(-80).
200
Let i(r) = -r**2 - 31*r + 9847. What is i(85)?
-13
Let a(m) = -7*m**2 - 2420*m + 20609. Determine a(-354).
77
Let m(o) = -46*o**3 - 7*o**2 + 17*o + 26. Give m(-1).
48
Let b(p) = -13*p**2 + 704*p - 10073. What is b(15)?
-2438
Let u(q) = -q**2 - 122*q - 586. Give u(-103).
1371
Let x(t) = -10204*t - 2398230. What is x(-235)?
-290
Let t(k) = 5*k**2 - 44*k + 101. What is t(12)?
293
Let c(m) = 525*m + 11964. What is c(-18)?
2514
Let m(g) = g**3 + 300*g**2 + 596*g - 1127. Give m(-298).
-1127
Let x(y) = -y**3 - 59*y**2 + 170*y + 1855. Give x(-60).
-4745
Let n(x) = -7*x**2 - 103*x + 17932. Determine n(-58).
358
Let g(f) = -5297*f - 31324. Give g(-6).
458
Let u(k) = -k**2 - 81*k - 1109. Calculate u(-65).
-69
Let k(j) = 670*j - 28865. Determine k(43).
-55
Let h(x) = x**3 - 122*x**2 - 122*x + 403. Calculate h(123).
526
Let k(u) = -6*u**2 - 90*u - 47. What is k(-14)?
37
Let i(z) = -13*z**3 + 146*z**2 - 410*z - 43. Calculate i(3).
-310
Let o(x) = 5*x**3 - 40*x**2 - 5208*x + 41732. Calculate o(8).
68
Let c(y) = 72840*y + 582580. Give c(-8).
-140
Let y(a) = 20*a - 978. Calculate y(11).
-758
Let t(o) = 2423*o + 103480. Give t(-42).
1714
Let r(z) = -2*z**2 + 187*z + 22570. What is r(161)?
835
Let q(n) = -n**3 + 388*n**2 - 1938*n + 117. Give q(5).
2
Let a(y) = -598303*y - 2393220. Determine a(-4).
-8
Let b(m) = -394*m + 19592. Give b(50).
-108
Let t(w) = -w**2 - 224*w - 12435. What is t(-81)?
-852
Let b(x) = -x**3 - 30*x**2 + 256*x + 198. Determine b(-37).
309
Let a(p) = -p**3 + 102*p**2 + 316*p + 596. Determine a(105).
701
Let z(j) = 2*j**2 + 86*j + 40. Calculate z(15).
1780
Let v(c) = 8*c**3 - 45*c**2 + 236*c - 1054. Determine v(5).
1
Let c(y) = y**3 + 40*y**2 + 56*y - 327. Determine c(-39).
-990
Let n(u) = 5810*u + 2777186. Give n(-478).
6
Let l(d) = -d**2 - 8012*d + 176753. Determine l(22).
5
Let i(n) = -n**2 + 2331*n - 547515. Determine i(265).
-25
Let k(z) = -2981*z + 14905. Calculate k(5).
0
Let y(t) = -t**3 + 6*t**2 - 1779*t + 10670. What is y(6)?
-4
Let i(n) = -122*n + 5707. Give i(52).
-637
Let y(b) = -15*b**3 + 7*b**2 - 102*b + 95. Determine y(1).
-15
Let i(z) = -z**3 - 19*z**2 + 137*z + 57. Give i(-24).
-351
Let s(h) = -2*h**3 + 510*h**2 - 2583*h + 20795. Calculate s(250).
45
Let s(t) = -t**3 + 358*t**2 + 5209*t + 54. Determine s(-14).
40
Let a(i) = -7272*i - 43357. Calculate a(-6).
275
Let w(d) = -3*d**3 - 105*d**2 - 306*d - 14913. What is w(-36)?
-9
Let k(u) = -4*u**2 + 113*u - 348. Determine k(23).
135
Let r(g) = -2*g**2 + 364*g - 7257. Determine r(21).
-495
Let m(q) = 1493*q + 10276. Determine m(-7).
-175
Let o(g) = g**3 - 263*g**2 + 2770*g + 595. What is o(252)?
91
Let d(h) = 2*h**2 + 1004*h + 8021. Calculate d(-8).
117
Let q(k) = 13*k**3 - 830*k**2 - 139*k + 847. Calculate q(64).
143
Let c(r) = -147186*r - 1030299. Calculate c(-7).
3
Let j(v) = 30465*v + 4813482. Determine j(-158).
12
Let g(v) = 7*v**2 - 10575*v - 434202. Calculate g(-40).
-2
Let k(v) = -86606*v - 779401. Calculate k(-9).
53
Let k(p) = 448*p + 1936. Determine k(-5).
-304
Let g(u) = -u**3 - 354*u**2 + 2073*u + 517. Calculate g(6).
-5
Let u(x) = -12*x**3 - 162*x**2 - 140*x - 813. What is u(-13)?
-7
Let l(w) = 23124*w + 6613476. Calculate l(-286).
12
Let x(l) = 2*l**3 - 12*l**2 - 2386*l + 14310. Determine x(6).
-6
Let g(d) = d**3 - 4*d**2 - 699*d + 4750. Determine g(7).
4
Let b(g) = 66934*g - 401266. Determine b(6).
338
Let q(o) = 3*o**3 - 633*o**2 + 647*o + 59. Give q(210).
3629
Let s(j) = 2*j**2 - 121*j - 3259. Determine s(81).
62
Let p(q) = 2*q**2 - 334*q - 3898. Calculate p(-11).
18
Let q(y) = 8*y + 2746. Determine q(19).
2898
Let r(z) = 104*z**3 - 938*z**2 - 80*z + 609. Calculate 